sor of n and t?
12
Let m = 12 + -6. Let h be (-1)/1 + -3 + 0. Let n be (3 - 0)/(h/(-8)). What is the highest common divisor of m and n?
6
Let f = -19 + 418. Calculate the greatest common divisor of f and 7.
7
Let o = -81 + 85. Suppose 8 - 1 = h. Suppose -a = -h + o. What is the greatest common factor of a and 6?
3
Suppose -4*l + 135 = 11*l. What is the highest common divisor of l and 171?
9
Suppose 5*d - 7*d = -4. Suppose -q + 593 = 3*j - 5*q, d*j = 4*q + 390. Calculate the greatest common divisor of 29 and j.
29
Let l = 286 - 14. What is the highest common factor of l and 204?
68
Let r(j) = j - 11. Let o be r(0). Let a = o - -29. What is the greatest common factor of a and 2?
2
Suppose 0 = -t + c - 105, 422 = -4*t - 0*c + 2*c. Let z = t + 155. Calculate the highest common factor of z and 7.
7
Let z be (8/(-8))/((-2)/12). Let b be 2/((-3)/((-1053)/z)). Suppose -k - 5*x = -0*x - 48, 4*k = 5*x + b. Calculate the highest common divisor of k and 363.
33
Let x = 462 + -442. Let b be (1/(-2))/(2/(-60)). What is the greatest common factor of b and x?
5
Suppose -6*v - 10 = -46. Let j(s) = s**3 - 6*s**2 + s - 2. Let p be j(v). Let a be (-10)/(-2)*4 - p. Calculate the greatest common factor of a and 4.
4
Suppose 0 = -3*s - 0*s + 66. Suppose 0 = -23*t + 122 - 30. Calculate the highest common factor of s and t.
2
Let m be (-2)/(-9) - (-718)/9. Let l = -5544 - -5576. Calculate the greatest common factor of l and m.
16
Let i be 150/9*(-3)/12*6. Let k be (-53 + -1)/((-90)/i - 4). What is the highest common factor of k and 15?
15
Let k = -25 + 26. Suppose 0 = c - 6 + k. Suppose 4*x + a = -2*a + 39, -c*x = -3*a - 15. Calculate the highest common factor of 6 and x.
6
Suppose 40*a - 9719 = -519. What is the highest common factor of a and 184?
46
Suppose -2*k = -5*i + 26, -4*i = -3*k - 14 - 11. Calculate the highest common factor of 452 and i.
4
Let u = -111 - -89. Let c = u + 38. Calculate the greatest common divisor of c and 64.
16
Suppose 9*z = 87 + 174. What is the greatest common divisor of 203 and z?
29
Let m = 7 - -23. Let w = m - 14. Suppose 20*f - 23*f = -72. Calculate the greatest common factor of w and f.
8
Let q(s) = s. Let w be q(2). Let x be 3/(-6)*(w + -2). Suppose v = -x + 10. What is the highest common factor of v and 15?
5
Suppose -6*t - 44 = -10*t + 5*j, -5*j - 76 = -6*t. Suppose -12 = -3*u + 4*x, 0 = 2*u + 2*x - 4 - 4. What is the highest common factor of t and u?
4
Suppose 256 = 2*m + w, m - 114 = -0*m - 4*w. Let b = 684 - 357. Suppose 39 = -324*x + b*x. What is the greatest common divisor of m and x?
13
Let f be 27/5 + (-2)/5. Suppose 272 = 4*t - f*b, -4*b = -3*t - 2*t + 331. Calculate the greatest common divisor of t and 9.
9
Suppose 7*l + 390 = m, -2*m + 1017 = 2*l + 157. Calculate the greatest common divisor of 5 and m.
5
Let i = 6 - -3. Let b be 52/(-2)*-1 + -8. What is the greatest common divisor of i and b?
9
Let c = -23 - -67. Let o be ((-33)/c)/(2/(-96)). Calculate the greatest common factor of o and 24.
12
Suppose 240 = 122*y - 119*y - r, -y + 80 = -3*r. What is the greatest common factor of 6 and y?
2
Let l be (38 - 0)/(15 + -17). Let u = -19 - l. Suppose -n + 5*i + 23 = u, 4 + 37 = 2*n - 5*i. Calculate the greatest common divisor of n and 162.
18
Let y(w) = -2 + w + 11*w - 7*w + w**2. Let g be y(-6). Calculate the highest common divisor of g and 12.
4
Let w = -1500 - -1537. What is the greatest common divisor of w and 1?
1
Suppose -3*j + 9*g - 10*g + 73 = 0, -g = -4. What is the highest common divisor of 207 and j?
23
Let t be (3 - (-5 - -12)) + 20. Let v(s) be the second derivative of -4*s**3 + 2*s. Let k be v(-1). What is the highest common divisor of k and t?
8
Suppose x + 22 = 2*x + 3*p, -5*x + 3*p = -20. Let f be (14/(-24)*3)/(2/(-8)). Suppose -4*j = -147 + f. Calculate the highest common divisor of j and x.
7
Let z be ((-35)/(-10) + -5)*-8. Suppose -z - 9 = -3*f. What is the highest common divisor of f and 56?
7
Let r = 37 - 53. Let a = r - -20. Suppose -3*j - a*y + 37 = 0, 3*y = 4*j + 17 - 58. What is the greatest common factor of 44 and j?
11
Suppose 2*a = 4*j + 78, 0*a = -5*j + 3*a - 99. Let t be 25*-3*6/j. Calculate the greatest common divisor of 125 and t.
25
Let z = 809 + -804. What is the greatest common factor of z and 40?
5
Let g be ((3 - 7)*(4 - 2))/(-2). Let u be 795/g + (-35)/(-28). What is the greatest common divisor of 25 and u?
25
Let o(h) = -2*h**2 + 7*h - 3. Let w be o(3). Suppose 0 = y - w*y + s - 14, -y + s = -6. Calculate the greatest common factor of 2 and y.
2
Let c(w) = w - 27. Let m be c(7). Let r = m - -24. Let t(l) = 2*l**3 - 6*l**2 + 2*l + 4. Let o be t(4). What is the highest common divisor of r and o?
4
Let u = -340 - -548. What is the greatest common divisor of u and 650?
26
Let f(j) = -j**2 + 31*j + 8. Let i be f(26). What is the highest common divisor of 368 and i?
46
Suppose -5*z - z + 30 = 0. Suppose 3*r = z*r - 30. Calculate the highest common divisor of r and 3.
3
Suppose 0 = 5*g + t - 205, 4*g + 2*t = 99 + 71. What is the highest common factor of 320 and g?
40
Let t = 255 + -195. What is the greatest common factor of t and 36?
12
Let u be -2*(42/4)/7. Let h be (-2401)/(-21) - 2/u. Calculate the highest common divisor of 46 and h.
23
Let n(j) = -3*j - 4 + 4 + 3 + 3. Let b be n(-10). Let o = b + -23. Calculate the highest common divisor of o and 26.
13
Suppose -5*k + 25 = 0, k = -j + 45 - 20. Calculate the greatest common divisor of j and 580.
20
Let a = 11 + -20. Let z = 4 - a. What is the greatest common divisor of 65 and z?
13
Suppose -9*c = -12*c - 9, 5*c + 12 = -3*q. Suppose -y + 7 = -9. Calculate the greatest common factor of y and q.
1
Let l = 4 - -6. Let n be (130/(-25))/((-4)/l). What is the greatest common factor of n and 117?
13
Suppose -3*w + 5*r = -222, w = -15*r + 13*r + 63. What is the highest common divisor of w and 69?
69
Suppose 25 = -5*n - 4*m, -2*m + 45 = -2*n + 17. Let j be (-248)/18 + 2/(-9). Let v = n - j. What is the highest common factor of 10 and v?
5
Let a(k) = -4*k**3 - k + 6. Let b(g) = -5*g**3 + g**2 + 7. Let c(v) = 4*a(v) - 3*b(v). Let s be c(-4). What is the greatest common divisor of 14 and s?
7
Let s be (-56)/4 + (3 - 2). Let r = s - -15. Suppose 0*p = -r*p + 6. What is the highest common divisor of 3 and p?
3
Let u = 421 - 411. What is the highest common factor of 6 and u?
2
Let w(p) = 2*p**2 - 4*p + 7. Let v = -18 + 21. Let h be w(v). Calculate the greatest common divisor of h and 26.
13
Suppose -5*y + 120 = -2*y - 3*t, 52 = y + 2*t. Suppose -q - 3*j + y = 0, -3*q + q = -3*j - 52. Calculate the highest common divisor of q and 4.
4
Let r = -14 - -42. Suppose -5*u + 105 = f, 4*u = f + 5*u - 93. Let h = 104 - f. What is the greatest common divisor of h and r?
14
Let a = -39 - -41. Suppose -3*t = w - 19, 0 = 4*w - a*w - 8. What is the highest common divisor of t and 2?
1
Let y = 594 - 576. What is the greatest common divisor of y and 153?
9
Let f(r) = -r**3 + 9*r**2 + r + 13. Let d = 17 + -24. Let q = d + 16. Let l be f(q). What is the highest common factor of l and 2?
2
Let g be (-12)/8*42/(-9). Suppose -2*v = -g*s + 2*s - 97, -2*v - 4*s = -52. Calculate the highest common factor of 126 and v.
18
Let w = -421 + 466. What is the greatest common factor of 555 and w?
15
Let x be 6/(-4) - 2718/(-12). What is the greatest common divisor of 45 and x?
45
Let z = -326 - -630. What is the greatest common factor of z and 32?
16
Let g be (-1)/2 + (-9)/(-2) + -1. Suppose -20 = g*f - 35. What is the greatest common divisor of 1 and f?
1
Let j = 1437 - 1320. What is the greatest common divisor of j and 234?
117
Let a(s) = 30*s**2 - 20*s + 136. Let x be a(5). What is the greatest common divisor of 6 and x?
6
Suppose -2*o - 3*o = 0. Suppose 4*i - 3*i - 4 = o. Suppose 8*q - 5*q - 2*c = 87, 5*q + i*c = 123. What is the greatest common factor of q and 3?
3
Let t be (6/(-8))/((-1)/4). Let g = 12 + t. Let x = 36 - g. What is the greatest common divisor of x and 21?
21
Let g(q) = 61*q - 482. Let z be g(8). Calculate the greatest common factor of 138 and z.
6
Let y be ((-32)/12)/((-2)/9). Let j be 1*(y/4 + 0). What is the highest common divisor of j and 33?
3
Let i(j) = -6*j**2 - 5 - j + 6*j + 8*j**2 - j**2. Let n be i(-6). Let t(u) = 54*u**2 + 1. Let b be t(n). Calculate the